{"id":507,"date":"2025-10-08T20:20:12","date_gmt":"2025-10-08T20:20:12","guid":{"rendered":"https:\/\/lasoledadparroquia.org\/?tribe_events=misa-capilla-sagrado-corazon-3"},"modified":"2025-10-08T20:20:12","modified_gmt":"2025-10-08T20:20:12","slug":"misa-capilla-sagrado-corazon-3","status":"publish","type":"tribe_events","link":"https:\/\/lasoledadparroquia.org\/?tribe_events=misa-capilla-sagrado-corazon-3","title":{"rendered":"Misa \u2013 Capilla Sagrado Coraz\u00f3n"},"content":{"rendered":"<p>Celebraci\u00f3n dominical en Capilla Sagrado Coraz\u00f3n<\/p>\n","protected":false},"excerpt":{"rendered":"<p>Celebraci\u00f3n dominical en Capilla Sagrado Coraz\u00f3n<\/p>\n","protected":false},"author":1,"featured_media":0,"template":"","meta":{"give_campaign_id":0,"_tribe_events_status":"","_tribe_events_status_reason":"","footnotes":""},"tags":[],"tribe_events_cat":[],"class_list":["post-507","tribe_events","type-tribe_events","status-publish","hentry"],"_links":{"self":[{"href":"https:\/\/lasoledadparroquia.org\/index.php?rest_route=\/wp\/v2\/tribe_events\/507","targetHints":{"allow":["GET"]}}],"collection":[{"href":"https:\/\/lasoledadparroquia.org\/index.php?rest_route=\/wp\/v2\/tribe_events"}],"about":[{"href":"https:\/\/lasoledadparroquia.org\/index.php?rest_route=\/wp\/v2\/types\/tribe_events"}],"author":[{"embeddable":true,"href":"https:\/\/lasoledadparroquia.org\/index.php?rest_route=\/wp\/v2\/users\/1"}],"version-history":[{"count":0,"href":"https:\/\/lasoledadparroquia.org\/index.php?rest_route=\/wp\/v2\/tribe_events\/507\/revisions"}],"wp:attachment":[{"href":"https:\/\/lasoledadparroquia.org\/index.php?rest_route=%2Fwp%2Fv2%2Fmedia&parent=507"}],"wp:term":[{"taxonomy":"post_tag","embeddable":true,"href":"https:\/\/lasoledadparroquia.org\/index.php?rest_route=%2Fwp%2Fv2%2Ftags&post=507"},{"taxonomy":"tribe_events_cat","embeddable":true,"href":"https:\/\/lasoledadparroquia.org\/index.php?rest_route=%2Fwp%2Fv2%2Ftribe_events_cat&post=507"}],"curies":[{"name":"wp","href":"https:\/\/api.w.org\/{rel}","templated":true}]}}

Misa – Capilla Sagrado Corazón

<p>Celebración dominical en Capilla Sagrado Corazón</p>
